{"id":4504,"date":"2026-02-18T15:23:30","date_gmt":"2026-02-18T15:23:30","guid":{"rendered":"https:\/\/yzas.lt\/?post_type=product&#038;p=4504"},"modified":"2026-02-18T15:24:24","modified_gmt":"2026-02-18T15:24:24","slug":"moteriskos-timpos-tampres-juodos-nike-pro","status":"publish","type":"product","link":"https:\/\/yzas.lt\/?product=moteriskos-timpos-tampres-juodos-nike-pro","title":{"rendered":"Moteri\u0161kos timpos tampr\u0117s juodos nike pro."},"content":{"rendered":"<p>Moteri\u0161kos timpos tampr\u0117s juodos nike pro.<\/p>\n","protected":false},"excerpt":{"rendered":"<p>Moteri\u0161kos timpos tampr\u0117s juodos nike pro.<\/p>\n","protected":false},"featured_media":4481,"comment_status":"open","ping_status":"closed","template":"","meta":{"site-sidebar-layout":"default","site-content-layout":"default","ast-main-header-display":"","ast-hfb-above-header-display":"","ast-hfb-below-header-display":"","ast-hfb-mobile-header-display":"","site-post-title":"","ast-breadcrumbs-content":"","ast-featured-img":"","footer-sml-layout":"","theme-transparent-header-meta":"default","adv-header-id-meta":"","stick-header-meta":"","header-above-stick-meta":"","header-main-stick-meta":"","header-below-stick-meta":""},"product_cat":[53,77,57,58],"product_tag":[],"class_list":{"0":"post-4504","1":"product","2":"type-product","3":"status-publish","4":"has-post-thumbnail","6":"product_cat-moteriski-drabuziai","7":"product_cat-moteriskos-timpes-ir-tampres-moterims","8":"product_cat-nuolaidos","9":"product_cat-populiariausios","10":"pa_dydis-s","11":"pa_dydis-m","12":"pa_dydis-l","13":"pa_dydis-xl","14":"pa_dydis-xxl","16":"first","17":"instock","18":"sale","19":"shipping-taxable","20":"purchasable","21":"product-type-variable"},"_links":{"self":[{"href":"https:\/\/yzas.lt\/index.php?rest_route=\/wp\/v2\/product\/4504"}],"collection":[{"href":"https:\/\/yzas.lt\/index.php?rest_route=\/wp\/v2\/product"}],"about":[{"href":"https:\/\/yzas.lt\/index.php?rest_route=\/wp\/v2\/types\/product"}],"replies":[{"embeddable":true,"href":"https:\/\/yzas.lt\/index.php?rest_route=%2Fwp%2Fv2%2Fcomments&post=4504"}],"wp:featuredmedia":[{"embeddable":true,"href":"https:\/\/yzas.lt\/index.php?rest_route=\/wp\/v2\/media\/4481"}],"wp:attachment":[{"href":"https:\/\/yzas.lt\/index.php?rest_route=%2Fwp%2Fv2%2Fmedia&parent=4504"}],"wp:term":[{"taxonomy":"product_cat","embeddable":true,"href":"https:\/\/yzas.lt\/index.php?rest_route=%2Fwp%2Fv2%2Fproduct_cat&post=4504"},{"taxonomy":"product_tag","embeddable":true,"href":"https:\/\/yzas.lt\/index.php?rest_route=%2Fwp%2Fv2%2Fproduct_tag&post=4504"}],"curies":[{"name":"wp","href":"https:\/\/api.w.org\/{rel}","templated":true}]}}