{"id":4270,"date":"2025-08-06T12:25:34","date_gmt":"2025-08-06T12:25:34","guid":{"rendered":"https:\/\/yzas.lt\/?post_type=product&#038;p=4270"},"modified":"2025-08-06T12:25:34","modified_gmt":"2025-08-06T12:25:34","slug":"carolina-herrera-good-girl-edp-2","status":"publish","type":"product","link":"https:\/\/yzas.lt\/?product=carolina-herrera-good-girl-edp-2","title":{"rendered":"Carolina Herrera Good Girl EDP"},"content":{"rendered":"<p>Carolina Herrera Good Girl EDP 80 ml<br \/>\nTalpa: 80 ml<br \/>\nB\u016bkl\u0117: Nauji, nenaudoti, su d\u0117\u017eute<br \/>\nKvapas: Moteri\u0161kas, eleganti\u0161kas ir gundantis<br \/>\n\u201eGood Girl\u201c \u2013 tai i\u0161rai\u0161kingas ir kontrastingas kvapas moterims, jungiantis \u0161velnum\u0105 ir j\u0117g\u0105. \u0160is aromatas perteikia modernios moters dvasi\u0105 \u2013 dr\u0105si\u0105, bet kartu ir paslapting\u0105. Blizgi raudona pakuot\u0117 su aukso akcentais i\u0161skiria \u0161\u012f leidim\u0105 i\u0161 kit\u0173, suteikdama jam ypatingo rafinuotumo.<br \/>\nPagrindin\u0117s natos:<br \/>\nVir\u0161utin\u0117s: migdolai, kavos natos<br \/>\n\u0160irdies: jazminas, tuberoza<br \/>\nBazin\u0117s: kakava, tonka pupel\u0117s<\/p>\n","protected":false},"excerpt":{"rendered":"<p>Carolina Herrera Good Girl EDP 80 ml Talpa: 80 ml B\u016bkl\u0117: Nauji, nenaudoti, su d\u0117\u017eute Kvapas: Moteri\u0161kas, eleganti\u0161kas ir gundantis \u201eGood Girl\u201c \u2013 tai i\u0161rai\u0161kingas ir kontrastingas kvapas moterims, jungiantis \u0161velnum\u0105 ir j\u0117g\u0105. \u0160is aromatas perteikia modernios moters dvasi\u0105 \u2013 dr\u0105si\u0105, bet kartu ir paslapting\u0105. Blizgi raudona pakuot\u0117 su aukso akcentais i\u0161skiria \u0161\u012f leidim\u0105 i\u0161 &hellip;<\/p>\n<p class=\"read-more\"> <a class=\"\" href=\"https:\/\/yzas.lt\/?product=carolina-herrera-good-girl-edp-2\"> <span class=\"screen-reader-text\">Carolina Herrera Good Girl EDP<\/span> Skaityti daugiau &raquo;<\/a><\/p>\n","protected":false},"featured_media":4244,"comment_status":"open","ping_status":"closed","template":"","meta":{"site-sidebar-layout":"default","site-content-layout":"default","ast-main-header-display":"","ast-hfb-above-header-display":"","ast-hfb-below-header-display":"","ast-hfb-mobile-header-display":"","site-post-title":"","ast-breadcrumbs-content":"","ast-featured-img":"","footer-sml-layout":"","theme-transparent-header-meta":"default","adv-header-id-meta":"","stick-header-meta":"","header-above-stick-meta":"","header-main-stick-meta":"","header-below-stick-meta":""},"product_cat":[15],"product_tag":[],"class_list":{"0":"post-4270","1":"product","2":"type-product","3":"status-publish","4":"has-post-thumbnail","6":"product_cat-vyriski-drabuziai","8":"first","9":"instock","10":"sale","11":"shipping-taxable","12":"purchasable","13":"product-type-variable"},"_links":{"self":[{"href":"https:\/\/yzas.lt\/index.php?rest_route=\/wp\/v2\/product\/4270"}],"collection":[{"href":"https:\/\/yzas.lt\/index.php?rest_route=\/wp\/v2\/product"}],"about":[{"href":"https:\/\/yzas.lt\/index.php?rest_route=\/wp\/v2\/types\/product"}],"replies":[{"embeddable":true,"href":"https:\/\/yzas.lt\/index.php?rest_route=%2Fwp%2Fv2%2Fcomments&post=4270"}],"wp:featuredmedia":[{"embeddable":true,"href":"https:\/\/yzas.lt\/index.php?rest_route=\/wp\/v2\/media\/4244"}],"wp:attachment":[{"href":"https:\/\/yzas.lt\/index.php?rest_route=%2Fwp%2Fv2%2Fmedia&parent=4270"}],"wp:term":[{"taxonomy":"product_cat","embeddable":true,"href":"https:\/\/yzas.lt\/index.php?rest_route=%2Fwp%2Fv2%2Fproduct_cat&post=4270"},{"taxonomy":"product_tag","embeddable":true,"href":"https:\/\/yzas.lt\/index.php?rest_route=%2Fwp%2Fv2%2Fproduct_tag&post=4270"}],"curies":[{"name":"wp","href":"https:\/\/api.w.org\/{rel}","templated":true}]}}