{"id":96,"date":"2018-06-18T06:57:57","date_gmt":"2018-06-18T06:57:57","guid":{"rendered":"https:\/\/yzas.lt\/?page_id=96"},"modified":"2022-04-19T13:46:24","modified_gmt":"2022-04-19T13:46:24","slug":"about","status":"publish","type":"page","link":"https:\/\/yzas.lt\/?page_id=96","title":{"rendered":"APIE MUS"},"content":{"rendered":"\t\t<div data-elementor-type=\"wp-post\" data-elementor-id=\"96\" class=\"elementor elementor-96\">\n\t\t\t\t\t\t<section class=\"elementor-section elementor-top-section elementor-element elementor-element-7af1913 elementor-section-content-middle elementor-section-boxed elementor-section-height-default elementor-section-height-default\" data-id=\"7af1913\" data-element_type=\"section\" data-settings=\"{&quot;background_background&quot;:&quot;gradient&quot;}\">\n\t\t\t\t\t\t\t<div class=\"elementor-background-overlay\"><\/div>\n\t\t\t\t\t\t\t<div class=\"elementor-container elementor-column-gap-default\">\n\t\t\t\t\t<div class=\"elementor-column elementor-col-100 elementor-top-column elementor-element elementor-element-784f689\" data-id=\"784f689\" data-element_type=\"column\">\n\t\t\t<div class=\"elementor-widget-wrap elementor-element-populated\">\n\t\t\t\t\t\t<div class=\"elementor-element elementor-element-68d29de elementor-widget elementor-widget-image-box\" data-id=\"68d29de\" data-element_type=\"widget\" data-widget_type=\"image-box.default\">\n\t\t\t\t<div class=\"elementor-widget-container\">\n\t\t\t\t\t<div class=\"elementor-image-box-wrapper\"><div class=\"elementor-image-box-content\"><h1 class=\"elementor-image-box-title\">Apie Mus<\/h1><p class=\"elementor-image-box-description\">\u201cyzas\u201d  Yra i\u0161skirtin\u0117 internetin\u0117 parduotuv\u0117, kuri buvo \u012fkurta atsi\u017evelgiant \u012f augan\u010dius klient\u0173 poreikius ir reikalavimus.\nSavo prekes siun\u010diame \u012f Vis\u0105 pasaul\u012f<\/p><\/div><\/div>\t\t\t\t<\/div>\n\t\t\t\t<\/div>\n\t\t\t\t\t<\/div>\n\t\t<\/div>\n\t\t\t\t\t<\/div>\n\t\t<\/section>\n\t\t\t\t<section class=\"elementor-section elementor-top-section elementor-element elementor-element-f2b09c4 elementor-section-content-middle elementor-section-boxed elementor-section-height-default elementor-section-height-default\" data-id=\"f2b09c4\" data-element_type=\"section\" data-settings=\"{&quot;background_background&quot;:&quot;classic&quot;}\">\n\t\t\t\t\t\t<div class=\"elementor-container elementor-column-gap-default\">\n\t\t\t\t\t<div class=\"elementor-column elementor-col-25 elementor-top-column elementor-element elementor-element-fda392b\" data-id=\"fda392b\" data-element_type=\"column\">\n\t\t\t<div class=\"elementor-widget-wrap elementor-element-populated\">\n\t\t\t\t\t\t<div class=\"elementor-element elementor-element-4af5caf elementor-position-top elementor-widget elementor-widget-image-box\" data-id=\"4af5caf\" data-element_type=\"widget\" data-widget_type=\"image-box.default\">\n\t\t\t\t<div class=\"elementor-widget-container\">\n\t\t\t\t\t<div class=\"elementor-image-box-wrapper\"><figure class=\"elementor-image-box-img\"><img decoding=\"async\" width=\"120\" height=\"120\" src=\"https:\/\/yzas.lt\/wp-content\/uploads\/2021\/03\/shipping.png\" class=\"attachment-full size-full wp-image-2301\" alt=\"\" srcset=\"https:\/\/yzas.lt\/wp-content\/uploads\/2021\/03\/shipping.png 120w, https:\/\/yzas.lt\/wp-content\/uploads\/2021\/03\/shipping-100x100.png 100w\" sizes=\"(max-width: 120px) 100vw, 120px\" \/><\/figure><div class=\"elementor-image-box-content\"><h4 class=\"elementor-image-box-title\">Siuntimas visame pasaulyje<\/h4><p class=\"elementor-image-box-description\">Prekes siun\u010diame \u012f betkuri\u0105 j\u016bs\u0173 pasirinkt\u0105 pasaulio viet\u0105.<\/p><\/div><\/div>\t\t\t\t<\/div>\n\t\t\t\t<\/div>\n\t\t\t\t\t<\/div>\n\t\t<\/div>\n\t\t\t\t<div class=\"elementor-column elementor-col-25 elementor-top-column elementor-element elementor-element-bb0fc1d\" data-id=\"bb0fc1d\" data-element_type=\"column\">\n\t\t\t<div class=\"elementor-widget-wrap elementor-element-populated\">\n\t\t\t\t\t\t<div class=\"elementor-element elementor-element-ea19e41 elementor-position-top elementor-widget elementor-widget-image-box\" data-id=\"ea19e41\" data-element_type=\"widget\" data-widget_type=\"image-box.default\">\n\t\t\t\t<div class=\"elementor-widget-container\">\n\t\t\t\t\t<div class=\"elementor-image-box-wrapper\"><figure class=\"elementor-image-box-img\"><img decoding=\"async\" width=\"120\" height=\"120\" src=\"https:\/\/yzas.lt\/wp-content\/uploads\/2021\/03\/badge.png\" class=\"attachment-full size-full wp-image-2302\" alt=\"\" srcset=\"https:\/\/yzas.lt\/wp-content\/uploads\/2021\/03\/badge.png 120w, https:\/\/yzas.lt\/wp-content\/uploads\/2021\/03\/badge-100x100.png 100w\" sizes=\"(max-width: 120px) 100vw, 120px\" \/><\/figure><div class=\"elementor-image-box-content\"><h4 class=\"elementor-image-box-title\">Geriausia Kokyb\u0117<\/h4><p class=\"elementor-image-box-description\">M\u016bs\u0173 prek\u0117s pasi\u017eymi auk\u0161\u010diausios kokyb\u0117s garantu.<\/p><\/div><\/div>\t\t\t\t<\/div>\n\t\t\t\t<\/div>\n\t\t\t\t\t<\/div>\n\t\t<\/div>\n\t\t\t\t<div class=\"elementor-column elementor-col-25 elementor-top-column elementor-element elementor-element-0d77a01\" data-id=\"0d77a01\" data-element_type=\"column\">\n\t\t\t<div class=\"elementor-widget-wrap elementor-element-populated\">\n\t\t\t\t\t\t<div class=\"elementor-element elementor-element-b406d51 elementor-position-top elementor-widget elementor-widget-image-box\" data-id=\"b406d51\" data-element_type=\"widget\" data-widget_type=\"image-box.default\">\n\t\t\t\t<div class=\"elementor-widget-container\">\n\t\t\t\t\t<div class=\"elementor-image-box-wrapper\"><figure class=\"elementor-image-box-img\"><img decoding=\"async\" width=\"120\" height=\"120\" src=\"https:\/\/yzas.lt\/wp-content\/uploads\/2021\/03\/discount.png\" class=\"attachment-full size-full wp-image-2303\" alt=\"\" srcset=\"https:\/\/yzas.lt\/wp-content\/uploads\/2021\/03\/discount.png 120w, https:\/\/yzas.lt\/wp-content\/uploads\/2021\/03\/discount-100x100.png 100w\" sizes=\"(max-width: 120px) 100vw, 120px\" \/><\/figure><div class=\"elementor-image-box-content\"><h4 class=\"elementor-image-box-title\">Geriausi Pasi\u016blymai<\/h4><p class=\"elementor-image-box-description\">Nuolatos vykdome akcijas, bei teikiame geriausius pasi\u016blymus savo klientams.<\/p><\/div><\/div>\t\t\t\t<\/div>\n\t\t\t\t<\/div>\n\t\t\t\t\t<\/div>\n\t\t<\/div>\n\t\t\t\t<div class=\"elementor-column elementor-col-25 elementor-top-column elementor-element elementor-element-59e9b7d\" data-id=\"59e9b7d\" data-element_type=\"column\">\n\t\t\t<div class=\"elementor-widget-wrap elementor-element-populated\">\n\t\t\t\t\t\t<div class=\"elementor-element elementor-element-5f4b120 elementor-position-top elementor-widget elementor-widget-image-box\" data-id=\"5f4b120\" data-element_type=\"widget\" data-widget_type=\"image-box.default\">\n\t\t\t\t<div class=\"elementor-widget-container\">\n\t\t\t\t\t<div class=\"elementor-image-box-wrapper\"><figure class=\"elementor-image-box-img\"><img loading=\"lazy\" decoding=\"async\" width=\"120\" height=\"120\" src=\"https:\/\/yzas.lt\/wp-content\/uploads\/2021\/03\/lock.png\" class=\"attachment-full size-full wp-image-2304\" alt=\"\" srcset=\"https:\/\/yzas.lt\/wp-content\/uploads\/2021\/03\/lock.png 120w, https:\/\/yzas.lt\/wp-content\/uploads\/2021\/03\/lock-100x100.png 100w\" sizes=\"(max-width: 120px) 100vw, 120px\" \/><\/figure><div class=\"elementor-image-box-content\"><h4 class=\"elementor-image-box-title\">Saug\u016bs Mok\u0117jimai<\/h4><p class=\"elementor-image-box-description\">M\u016bs\u0173 parduotuv\u0117 apsaugota, tod\u0117l j\u016bs\u0173 atliekami mok\u0117jimai saug\u016bs.<\/p><\/div><\/div>\t\t\t\t<\/div>\n\t\t\t\t<\/div>\n\t\t\t\t\t<\/div>\n\t\t<\/div>\n\t\t\t\t\t<\/div>\n\t\t<\/section>\n\t\t\t\t<section class=\"elementor-section elementor-top-section elementor-element elementor-element-1bac198 elementor-section-content-middle elementor-section-boxed elementor-section-height-default elementor-section-height-default\" data-id=\"1bac198\" data-element_type=\"section\" data-settings=\"{&quot;background_background&quot;:&quot;classic&quot;}\">\n\t\t\t\t\t\t<div class=\"elementor-container elementor-column-gap-default\">\n\t\t\t\t\t<div class=\"elementor-column elementor-col-50 elementor-top-column elementor-element elementor-element-ccbc1ea\" data-id=\"ccbc1ea\" data-element_type=\"column\">\n\t\t\t<div class=\"elementor-widget-wrap elementor-element-populated\">\n\t\t\t\t\t\t<div class=\"elementor-element elementor-element-daa93fc elementor-widget elementor-widget-heading\" data-id=\"daa93fc\" data-element_type=\"widget\" data-widget_type=\"heading.default\">\n\t\t\t\t<div class=\"elementor-widget-container\">\n\t\t\t\t\t<h2 class=\"elementor-heading-title elementor-size-default\">I\u0161sirinkite tai ko jums reikia, i\u0161 daugelio m\u016bs\u0173 si\u016blom\u0173 preki\u0173.<\/h2>\t\t\t\t<\/div>\n\t\t\t\t<\/div>\n\t\t\t\t\t<\/div>\n\t\t<\/div>\n\t\t\t\t<div class=\"elementor-column elementor-col-50 elementor-top-column elementor-element elementor-element-8b47432\" data-id=\"8b47432\" data-element_type=\"column\">\n\t\t\t<div class=\"elementor-widget-wrap elementor-element-populated\">\n\t\t\t\t\t\t<div class=\"elementor-element elementor-element-66ef535 elementor-align-center elementor-widget elementor-widget-button\" data-id=\"66ef535\" data-element_type=\"widget\" data-widget_type=\"button.default\">\n\t\t\t\t<div class=\"elementor-widget-container\">\n\t\t\t\t\t\t\t\t\t<div class=\"elementor-button-wrapper\">\n\t\t\t\t\t<a class=\"elementor-button elementor-button-link elementor-size-md\" href=\"#\">\n\t\t\t\t\t\t<span class=\"elementor-button-content-wrapper\">\n\t\t\t\t\t\t<span class=\"elementor-button-icon\">\n\t\t\t\t<i aria-hidden=\"true\" class=\"fas fa-angle-right\"><\/i>\t\t\t<\/span>\n\t\t\t\t\t\t\t\t\t<span class=\"elementor-button-text\">Apsipirkti<\/span>\n\t\t\t\t\t<\/span>\n\t\t\t\t\t<\/a>\n\t\t\t\t<\/div>\n\t\t\t\t\t\t\t\t<\/div>\n\t\t\t\t<\/div>\n\t\t\t\t\t<\/div>\n\t\t<\/div>\n\t\t\t\t\t<\/div>\n\t\t<\/section>\n\t\t\t\t<section class=\"elementor-section elementor-top-section elementor-element elementor-element-0107795 elementor-section-stretched elementor-section-full_width elementor-section-height-default elementor-section-height-default\" data-id=\"0107795\" data-element_type=\"section\" data-settings=\"{&quot;stretch_section&quot;:&quot;section-stretched&quot;}\">\n\t\t\t\t\t\t<div class=\"elementor-container elementor-column-gap-default\">\n\t\t\t\t\t<div class=\"elementor-column elementor-col-100 elementor-top-column elementor-element elementor-element-7ce1ef8\" data-id=\"7ce1ef8\" data-element_type=\"column\">\n\t\t\t<div class=\"elementor-widget-wrap elementor-element-populated\">\n\t\t\t\t\t\t<div class=\"elementor-element elementor-element-44f71e7 elementor-widget elementor-widget-image\" data-id=\"44f71e7\" data-element_type=\"widget\" data-widget_type=\"image.default\">\n\t\t\t\t<div class=\"elementor-widget-container\">\n\t\t\t\t\t\t\t\t\t\t\t\t\t\t\t<img loading=\"lazy\" decoding=\"async\" width=\"1929\" height=\"79\" src=\"https:\/\/yzas.lt\/wp-content\/uploads\/2019\/06\/graphic05-free-img.png\" class=\"attachment-full size-full wp-image-1342\" alt=\"\" srcset=\"https:\/\/yzas.lt\/wp-content\/uploads\/2019\/06\/graphic05-free-img.png 1929w, https:\/\/yzas.lt\/wp-content\/uploads\/2019\/06\/graphic05-free-img-600x25.png 600w, https:\/\/yzas.lt\/wp-content\/uploads\/2019\/06\/graphic05-free-img-300x12.png 300w, https:\/\/yzas.lt\/wp-content\/uploads\/2019\/06\/graphic05-free-img-1024x42.png 1024w, https:\/\/yzas.lt\/wp-content\/uploads\/2019\/06\/graphic05-free-img-768x31.png 768w, https:\/\/yzas.lt\/wp-content\/uploads\/2019\/06\/graphic05-free-img-1536x63.png 1536w\" sizes=\"(max-width: 1929px) 100vw, 1929px\" \/>\t\t\t\t\t\t\t\t\t\t\t\t\t\t\t<\/div>\n\t\t\t\t<\/div>\n\t\t\t\t\t<\/div>\n\t\t<\/div>\n\t\t\t\t\t<\/div>\n\t\t<\/section>\n\t\t\t\t<\/div>\n\t\t","protected":false},"excerpt":{"rendered":"<p>Apie Mus \u201cyzas\u201d Yra i\u0161skirtin\u0117 internetin\u0117 parduotuv\u0117, kuri buvo \u012fkurta atsi\u017evelgiant \u012f augan\u010dius klient\u0173 poreikius ir reikalavimus. Savo prekes siun\u010diame \u012f Vis\u0105 pasaul\u012f Siuntimas visame pasaulyje Prekes siun\u010diame \u012f betkuri\u0105 j\u016bs\u0173 pasirinkt\u0105 pasaulio viet\u0105. Geriausia Kokyb\u0117 M\u016bs\u0173 prek\u0117s pasi\u017eymi auk\u0161\u010diausios kokyb\u0117s garantu. Geriausi Pasi\u016blymai Nuolatos vykdome akcijas, bei teikiame geriausius pasi\u016blymus savo klientams. Saug\u016bs Mok\u0117jimai &hellip;<\/p>\n<p class=\"read-more\"> <a class=\"\" href=\"https:\/\/yzas.lt\/?page_id=96\"> <span class=\"screen-reader-text\">APIE MUS<\/span> Skaityti daugiau &raquo;<\/a><\/p>\n","protected":false},"author":1,"featured_media":0,"parent":0,"menu_order":0,"comment_status":"closed","ping_status":"closed","template":"","meta":{"site-sidebar-layout":"no-sidebar","site-content-layout":"page-builder","ast-main-header-display":"","ast-hfb-above-header-display":"","ast-hfb-below-header-display":"","ast-hfb-mobile-header-display":"","site-post-title":"disabled","ast-breadcrumbs-content":"","ast-featured-img":"disabled","footer-sml-layout":"","theme-transparent-header-meta":"enabled","adv-header-id-meta":"","stick-header-meta":"","header-above-stick-meta":"","header-main-stick-meta":"","header-below-stick-meta":"","footnotes":""},"class_list":["post-96","page","type-page","status-publish","hentry"],"_links":{"self":[{"href":"https:\/\/yzas.lt\/index.php?rest_route=\/wp\/v2\/pages\/96"}],"collection":[{"href":"https:\/\/yzas.lt\/index.php?rest_route=\/wp\/v2\/pages"}],"about":[{"href":"https:\/\/yzas.lt\/index.php?rest_route=\/wp\/v2\/types\/page"}],"author":[{"embeddable":true,"href":"https:\/\/yzas.lt\/index.php?rest_route=\/wp\/v2\/users\/1"}],"replies":[{"embeddable":true,"href":"https:\/\/yzas.lt\/index.php?rest_route=%2Fwp%2Fv2%2Fcomments&post=96"}],"version-history":[{"count":24,"href":"https:\/\/yzas.lt\/index.php?rest_route=\/wp\/v2\/pages\/96\/revisions"}],"predecessor-version":[{"id":2984,"href":"https:\/\/yzas.lt\/index.php?rest_route=\/wp\/v2\/pages\/96\/revisions\/2984"}],"wp:attachment":[{"href":"https:\/\/yzas.lt\/index.php?rest_route=%2Fwp%2Fv2%2Fmedia&parent=96"}],"curies":[{"name":"wp","href":"https:\/\/api.w.org\/{rel}","templated":true}]}}