{"id":2965,"date":"2022-04-12T15:55:01","date_gmt":"2022-04-12T15:55:01","guid":{"rendered":"https:\/\/yzas.lt\/?page_id=2965"},"modified":"2022-04-19T13:50:23","modified_gmt":"2022-04-19T13:50:23","slug":"pristatymo-informacija","status":"publish","type":"page","link":"https:\/\/yzas.lt\/?page_id=2965","title":{"rendered":"PRISTATYMO INFORMACIJA"},"content":{"rendered":"\t\t<div data-elementor-type=\"wp-page\" data-elementor-id=\"2965\" class=\"elementor elementor-2965\">\n\t\t\t\t\t\t<section class=\"elementor-section elementor-top-section elementor-element elementor-element-6091463 elementor-section-boxed elementor-section-height-default elementor-section-height-default\" data-id=\"6091463\" data-element_type=\"section\">\n\t\t\t\t\t\t<div class=\"elementor-container elementor-column-gap-default\">\n\t\t\t\t\t<div class=\"elementor-column elementor-col-100 elementor-top-column elementor-element elementor-element-6c28f51f\" data-id=\"6c28f51f\" data-element_type=\"column\" data-settings=\"{&quot;background_background&quot;:&quot;classic&quot;}\">\n\t\t\t<div class=\"elementor-widget-wrap elementor-element-populated\">\n\t\t\t\t\t\t<div class=\"elementor-element elementor-element-50fd5852 elementor-widget elementor-widget-text-editor\" data-id=\"50fd5852\" data-element_type=\"widget\" data-widget_type=\"text-editor.default\">\n\t\t\t\t<div class=\"elementor-widget-container\">\n\t\t\t\t\t\t\t\t\t\n<p>SIUNTIMO KAINA<br>Lietuvoje:<br>\u2022 Registruotoji pirmenybin\u0117 Lietuvos pa\u0161to korespondencijos siunta \u2013 2.00 \u20ac neribotam preki\u0173 skai\u010diui. Pristatymo laikas: 1-3 darbo dienos.<br>\u2022 Registruotoji pirmenybin\u0117 i\u0161pirktin\u0117 Lietuvos pa\u0161to korespondencijos siunta \u2013 4.00 \u20ac (siuntimas pa\u0161tu 2.00 \u20ac + i\u0161pirktin\u0117s siuntos mokestis 2.00 \u20ac). U\u017e prekes susimok\u0117site jas atsiimdami pa\u0161te. Jei norite apmok\u0117ti pa\u0161te, pasirinkite pristatym\u0105 pa\u0161tu ir apmok\u0117jim\u0105 grynais atsiimant. Prie J\u016bs\u0173 galutin\u0117s sumos prisid\u0117s i\u0161pirktin\u0117s siuntos mokestis 2.00 \u20ac, kur\u012f sumok\u0117site pa\u0161tui. Pristatymo laikas: 1-3 darbo dienos.<br>\u2022 Pristatymas LP Express kurjeriu \u012f namus:<br>\u2013 iki 2 kg \u2013 2.50 \u20ac<br>\u2013 nuo 2 iki 5 kg \u2013 3.00 \u20ac<br>\u2013 nuo 5 iki 10 kg \u2013 4.00 \u20ac<br>\u2013 nuo 10 iki 30 kg \u2013 5.00 \u20ac<br>Pristatymo laikas: 1-3 darbo dienos.<br>\u2022 COD paslauga \u2013 susimok\u0117ti u\u017e prekes, jas prista\u010dius LP Express kurjeriui \u2013 4.00\u20ac \u2013 6.50 \u20ac (pristatymas LP Express kurjeriu 2.50\u20ac \u2013 5.00 \u20ac + COD paslauga 1.50 \u20ac). Jei norite susimok\u0117ti grynais kurjeriui, pasirinkite pristatym\u0105 kurjeriu ir apmok\u0117jim\u0105 grynais atsiimant. Prie J\u016bs\u0173 galutin\u0117s sumos prisid\u0117s COD paslaugos mokestis 1.50 \u20ac, kur\u012f sumok\u0117site kurjeriui. Pristatymo laikas: 1-3 darbo dienos.<br>\u2022 Pristatymas \u012f LP Express terminalus:<br>\u2013 iki 2 kg \u2013 2.00 \u20ac<br>\u2013 nuo 2 iki 5 kg \u2013 2.50 \u20ac<br>\u2013 nuo 5 iki 10 kg \u2013 3.00 \u20ac<br>\u2013 nuo 10 iki 30 kg \u2013 3.50 \u20ac<br>Pristatymo laikas: 1-3 darbo dienos.<br>\u2022 Susimok\u0117ti u\u017e prekes kortele, jas prista\u010dius \u012f LP Express terminalus \u2013 3.50\u20ac \u2013 5.00 \u20ac (pristatymas LP Express terminalu 2.00\u20ac \u2013 3.50 \u20ac + susimok\u0117jimo kortele paslauga 1.50 \u20ac). Jei norite susimok\u0117ti kortele LP Express terminale, pasirinkite pristatym\u0105 \u012f LP Express terminalus ir apmok\u0117jim\u0105 grynais atsiimant. Prie J\u016bs\u0173 galutin\u0117s sumos prisid\u0117s susimok\u0117jimo kortele mokestis 1.50 \u20ac, kur\u012f sumok\u0117site LP Express terminale. Pristatymo laikas: 1-3 darbo dienos.<br>\u2022 Siuntimas autobusu \u2013 2.00 \u20ac \u2013 6.00 \u20ac, priklausomai nuo siuntos svorio ir atstumo. Jei norite siunt\u0105 gauti per autobus\u0173 siuntas, prie\u0161 darant u\u017esakym\u0105 susisiekite su mumis el.pa\u0161tu info@yzas.lt arba numeriu +37067630145 ir nurodykite savo miest\u0105 bei kokios prek\u0117s domina, o mes apskai\u010diuosime siuntimo kain\u0105. Pristatymo laikas: 1-2 darbo dienos.<br>Europos s\u0105jungos \u0161alys:<br>Registruotoji pirmenybin\u0117 Lietuvos pa\u0161to korespondencijos siunta. Pristatymo laikas: 5-7 darbo dienos.<br>\u2022 iki 500 gram\u0173 \u2013 6.00 \u20ac.<br>\u2022 nuo 500 iki 1 kg \u2013 8.00 \u20ac<br>\u2022 nuo 1 iki 2 kg \u2013 11.00 \u20ac<br>\u2022 nuo 2 iki 3 kg \u2013 25.00 \u20ac<br>\u2022 nuo 3 iki 4 kg \u2013 28.00 \u20ac<br>\u2022 nuo 4 iki 5 kg \u2013 31.00 \u20ac<br>\u2022 nuo 5 iki 6 kg \u2013 34.00 \u20ac<br>\u2022 nuo 6 iki 7 kg \u2013 37.00 \u20ac<br>Ne Europos s\u0105jungos \u0161alys:<br>Registruotoji pirmenybin\u0117 Lietuvos pa\u0161to korespondencijos siunta. Pristatymo laikas: 10-25 darbo dienos.<br>\u2022 iki 500 gram\u0173 \u2013 7.00 \u20ac.<br>\u2022 nuo 500 iki 1 kg \u2013 11.00 \u20ac<br>\u2022 nuo 1 iki 2 kg \u2013 15.00 \u20ac<br>\u2022 nuo 2 iki 3 kg \u2013 32.00 \u20ac<br>\u2022 nuo 3 iki 4 kg \u2013 38.00 \u20ac<br>\u2022 nuo 4 iki 5 kg \u2013 44.00 \u20ac<br>\u2022 nuo 5 iki 6 kg \u2013 50.00 \u20ac<br>\u2022 nuo 6 iki 7 kg \u2013 56.00 \u20ac<br>SIUNTOS ATSI\u0116MIMAS<br>Kaip atsiimti Lietuvos pa\u0161to siunt\u0105?<br>\u2022 Si\u0173sdami siuntin\u012f, mes pateikiame pa\u0161tui J\u016bs\u0173 telefono numer\u012f. Kai siunta pasieks J\u016bs\u0173 pa\u0161t\u0105, J\u016bs gausite SMS \u017einut\u0119 telefonu, su registracijos kodu, su \u0161iuo kodu i\u0161kart gal\u0117site j\u0105 atsiimti.<br>\u2022 Atsiimant prekes, b\u016btina su savimi tur\u0117ti ir Lietuvos pa\u0161to darbuotojui pateikti galiojant\u012f asmens tapatyb\u0119 patvirtinant\u012f dokument\u0105 (asmens tapatyb\u0117s kortel\u0119, pas\u0105 ar naujo pavyzd\u017eio vairuotojo pa\u017eym\u0117jim\u0105).<br>\u2022 Jei po 7 dien\u0173 negavote siuntinio ar jo n\u0117ra pa\u0161te, susisiekite su mumis el.pa\u0161tu info@yzas.lt ir mes pad\u0117sime Jums surasti pasimetus\u012f siuntin\u012f.<br>\u2022 U\u017esakytas prekes b\u016btina atsiimti ne v\u0117liau kaip per 30 kalendorini\u0173 dien\u0173, kai u\u017esakymas jau yra Lietuvos pa\u0161to skyriuje ir j\u012f galima atsiimti. Kitu atveju, siunta bus gr\u0105\u017einta pardav\u0117jui. Tokiu atveju, tur\u0117site susimok\u0117ti u\u017e pa\u0161to i\u0161laidas i\u0161 naujo, kad gal\u0117tume i\u0161si\u0173sti gr\u0105\u017eint\u0105 siuntin\u012f.<br>Kaip atsiimti kurjerio siunt\u0105?<br>Per 1-3 darbo dienas po i\u0161siuntimo kurjeris pristatys siunt\u0105 j\u016bs\u0173 adresu, prie\u0161 tai Jums paskambins nurodytu numeriu.<br>Kaip atsiimti autobus\u0173 siunt\u0105?<br>\u2022 Si\u0173sdami siuntin\u012f, mes pateikiame J\u016bs\u0173 telefono numer\u012f. Kai siunta pasieks J\u016bs\u0173 autobus\u0173 stot\u012f, J\u016bs gausite SMS \u017einut\u0119 telefonu, kad jau galite atvykti atsiimti siunt\u0105.<br>\u2022 Atsiimant prekes, b\u016btina su savimi tur\u0117ti ir darbuotojui pateikti galiojant\u012f asmens tapatyb\u0119 patvirtinant\u012f dokument\u0105 (asmens tapatyb\u0117s kortel\u0119, pas\u0105 ar naujo pavyzd\u017eio vairuotojo pa\u017eym\u0117jim\u0105).<br>\u2022 \u012e terminal\u0105 atve\u017etos siuntos nemokamai saugomos dvi darbo dienas, \u0161ventin\u0117s ir savaitgalio dienos neapmokestinamos. U\u017e kiekvien\u0105 sekan\u010di\u0105 darbo dien\u0105, saugant siunt\u0105, mokamas 0.29 \u20ac mokestis.<br>\u2022 U\u017esakytas prekes b\u016btina atsiimti ne v\u0117liau kaip per 20 kalendorini\u0173 dien\u0173, kai siunta jau yra terminale ir j\u0105 galima atsiimti. Kitu atveju, siunta bus gr\u0105\u017einta pardav\u0117jui. Tokiu atveju, tur\u0117site susimok\u0117ti u\u017e siuntimo i\u0161laidas i\u0161 naujo, kad gal\u0117tume i\u0161si\u0173sti gr\u0105\u017eint\u0105 siuntin\u012f.<br>Kaip atsiimti siunt\u0105 per LP EXPRESS siunt\u0173 savitarnos terminal\u0105?<br>\u2022 Apie gaut\u0105 siunt\u0105 b\u016bsite informuotas SMS \u017einute ir (ar) el. pa\u0161tu, tod\u0117l tiksliai \u017einosite, kada ir kuriame terminale galite atsiimti siunt\u0105.<br>\u2022 Svarbu! Siunt\u0105 atsiimsite terminalo ekrane paeiliui suved\u0119 du PIN kodus, kurie nurodyti prane\u0161ime apie \u012f terminal\u0105 gaut\u0105 siunt\u0105.<br>Pristatymo laikotarpis:<br>\u2022 Lietuvoje prek\u0119 gausite per 1-3 darbo dienas priklausomai nuo pasirinkto pristatymo b\u016bdo.<br>\u2022 Europos s\u0105jungos \u0161alyse prek\u0119 gausite per 5-7 darbo dienas.<br>\u2022 Ne Europos s\u0105jungos \u0161alyse prek\u0119 gausite per 10-25 darbo dienas.<\/p>\n\t\t\t\t\t\t\t\t<\/div>\n\t\t\t\t<\/div>\n\t\t\t\t\t<\/div>\n\t\t<\/div>\n\t\t\t\t\t<\/div>\n\t\t<\/section>\n\t\t\t\t<\/div>\n\t\t","protected":false},"excerpt":{"rendered":"<p>SIUNTIMO KAINALietuvoje:\u2022 Registruotoji pirmenybin\u0117 Lietuvos pa\u0161to korespondencijos siunta \u2013 2.00 \u20ac neribotam preki\u0173 skai\u010diui. Pristatymo laikas: 1-3 darbo dienos.\u2022 Registruotoji pirmenybin\u0117 i\u0161pirktin\u0117 Lietuvos pa\u0161to korespondencijos siunta \u2013 4.00 \u20ac (siuntimas pa\u0161tu 2.00 \u20ac + i\u0161pirktin\u0117s siuntos mokestis 2.00 \u20ac). U\u017e prekes susimok\u0117site jas atsiimdami pa\u0161te. Jei norite apmok\u0117ti pa\u0161te, pasirinkite pristatym\u0105 pa\u0161tu ir apmok\u0117jim\u0105 grynais &hellip;<\/p>\n<p class=\"read-more\"> <a class=\"\" href=\"https:\/\/yzas.lt\/?page_id=2965\"> <span class=\"screen-reader-text\">PRISTATYMO INFORMACIJA<\/span> Skaityti daugiau &raquo;<\/a><\/p>\n","protected":false},"author":1,"featured_media":0,"parent":0,"menu_order":0,"comment_status":"closed","ping_status":"closed","template":"","meta":{"site-sidebar-layout":"no-sidebar","site-content-layout":"page-builder","ast-main-header-display":"","ast-hfb-above-header-display":"","ast-hfb-below-header-display":"","ast-hfb-mobile-header-display":"","site-post-title":"disabled","ast-breadcrumbs-content":"","ast-featured-img":"disabled","footer-sml-layout":"","theme-transparent-header-meta":"","adv-header-id-meta":"","stick-header-meta":"","header-above-stick-meta":"","header-main-stick-meta":"","header-below-stick-meta":"","footnotes":""},"class_list":["post-2965","page","type-page","status-publish","hentry"],"_links":{"self":[{"href":"https:\/\/yzas.lt\/index.php?rest_route=\/wp\/v2\/pages\/2965"}],"collection":[{"href":"https:\/\/yzas.lt\/index.php?rest_route=\/wp\/v2\/pages"}],"about":[{"href":"https:\/\/yzas.lt\/index.php?rest_route=\/wp\/v2\/types\/page"}],"author":[{"embeddable":true,"href":"https:\/\/yzas.lt\/index.php?rest_route=\/wp\/v2\/users\/1"}],"replies":[{"embeddable":true,"href":"https:\/\/yzas.lt\/index.php?rest_route=%2Fwp%2Fv2%2Fcomments&post=2965"}],"version-history":[{"count":8,"href":"https:\/\/yzas.lt\/index.php?rest_route=\/wp\/v2\/pages\/2965\/revisions"}],"predecessor-version":[{"id":2990,"href":"https:\/\/yzas.lt\/index.php?rest_route=\/wp\/v2\/pages\/2965\/revisions\/2990"}],"wp:attachment":[{"href":"https:\/\/yzas.lt\/index.php?rest_route=%2Fwp%2Fv2%2Fmedia&parent=2965"}],"curies":[{"name":"wp","href":"https:\/\/api.w.org\/{rel}","templated":true}]}}