{"id":2915,"date":"2022-04-10T18:27:28","date_gmt":"2022-04-10T18:27:28","guid":{"rendered":"https:\/\/yzas.lt\/?page_id=2915"},"modified":"2022-04-10T18:29:23","modified_gmt":"2022-04-10T18:29:23","slug":"kaip-issirinkti-dydi","status":"publish","type":"page","link":"https:\/\/yzas.lt\/?page_id=2915","title":{"rendered":"KAIP I\u0160SIRINKTI DYD\u012e"},"content":{"rendered":"\t\t<div data-elementor-type=\"wp-page\" data-elementor-id=\"2915\" class=\"elementor elementor-2915\">\n\t\t\t\t\t\t<section class=\"elementor-section elementor-top-section elementor-element elementor-element-423d88d5 elementor-section-boxed elementor-section-height-default elementor-section-height-default\" data-id=\"423d88d5\" data-element_type=\"section\">\n\t\t\t\t\t\t<div class=\"elementor-container elementor-column-gap-default\">\n\t\t\t\t\t<div class=\"elementor-column elementor-col-100 elementor-top-column elementor-element elementor-element-3575ad40\" data-id=\"3575ad40\" data-element_type=\"column\">\n\t\t\t<div class=\"elementor-widget-wrap elementor-element-populated\">\n\t\t\t\t\t\t<div class=\"elementor-element elementor-element-73342553 elementor-widget elementor-widget-text-editor\" data-id=\"73342553\" data-element_type=\"widget\" data-widget_type=\"text-editor.default\">\n\t\t\t\t<div class=\"elementor-widget-container\">\n\t\t\t\t\t\t\t\t\t\n<p>Dydi geriausiai i\u0161sirinkti pasitelkiant m\u016bs\u0173 lentele jei i\u0161kyla klausimu susisiekite <a href=\"mailto:info@yzas.lt\">info@yzas.lt<\/a><\/p>\n\n<figure class=\"wp-block-image size-full\"><img fetchpriority=\"high\" decoding=\"async\" width=\"870\" height=\"488\" class=\"wp-image-2916\" src=\"https:\/\/yzas.lt\/wp-content\/uploads\/2022\/04\/277571910_1671097776559346_6545710290071042132_n.jpg\" alt=\"\" srcset=\"https:\/\/yzas.lt\/wp-content\/uploads\/2022\/04\/277571910_1671097776559346_6545710290071042132_n.jpg 870w, https:\/\/yzas.lt\/wp-content\/uploads\/2022\/04\/277571910_1671097776559346_6545710290071042132_n-300x168.jpg 300w, https:\/\/yzas.lt\/wp-content\/uploads\/2022\/04\/277571910_1671097776559346_6545710290071042132_n-768x431.jpg 768w, https:\/\/yzas.lt\/wp-content\/uploads\/2022\/04\/277571910_1671097776559346_6545710290071042132_n-600x337.jpg 600w\" sizes=\"(max-width: 870px) 100vw, 870px\" \/><\/figure>\n\t\t\t\t\t\t\t\t<\/div>\n\t\t\t\t<\/div>\n\t\t\t\t\t<\/div>\n\t\t<\/div>\n\t\t\t\t\t<\/div>\n\t\t<\/section>\n\t\t\t\t<\/div>\n\t\t","protected":false},"excerpt":{"rendered":"<p>Dydi geriausiai i\u0161sirinkti pasitelkiant m\u016bs\u0173 lentele jei i\u0161kyla klausimu susisiekite info@yzas.lt<\/p>\n","protected":false},"author":1,"featured_media":0,"parent":0,"menu_order":0,"comment_status":"closed","ping_status":"closed","template":"","meta":{"site-sidebar-layout":"default","site-content-layout":"default","ast-main-header-display":"","ast-hfb-above-header-display":"","ast-hfb-below-header-display":"","ast-hfb-mobile-header-display":"","site-post-title":"","ast-breadcrumbs-content":"","ast-featured-img":"","footer-sml-layout":"","theme-transparent-header-meta":"","adv-header-id-meta":"","stick-header-meta":"","header-above-stick-meta":"","header-main-stick-meta":"","header-below-stick-meta":"","footnotes":""},"class_list":["post-2915","page","type-page","status-publish","hentry"],"_links":{"self":[{"href":"https:\/\/yzas.lt\/index.php?rest_route=\/wp\/v2\/pages\/2915"}],"collection":[{"href":"https:\/\/yzas.lt\/index.php?rest_route=\/wp\/v2\/pages"}],"about":[{"href":"https:\/\/yzas.lt\/index.php?rest_route=\/wp\/v2\/types\/page"}],"author":[{"embeddable":true,"href":"https:\/\/yzas.lt\/index.php?rest_route=\/wp\/v2\/users\/1"}],"replies":[{"embeddable":true,"href":"https:\/\/yzas.lt\/index.php?rest_route=%2Fwp%2Fv2%2Fcomments&post=2915"}],"version-history":[{"count":4,"href":"https:\/\/yzas.lt\/index.php?rest_route=\/wp\/v2\/pages\/2915\/revisions"}],"predecessor-version":[{"id":2920,"href":"https:\/\/yzas.lt\/index.php?rest_route=\/wp\/v2\/pages\/2915\/revisions\/2920"}],"wp:attachment":[{"href":"https:\/\/yzas.lt\/index.php?rest_route=%2Fwp%2Fv2%2Fmedia&parent=2915"}],"curies":[{"name":"wp","href":"https:\/\/api.w.org\/{rel}","templated":true}]}}