{"id":2656,"date":"2022-04-09T14:45:41","date_gmt":"2022-04-09T14:45:41","guid":{"rendered":"https:\/\/yzas.lt\/?page_id=2656"},"modified":"2022-04-19T13:51:13","modified_gmt":"2022-04-19T13:51:13","slug":"refund_returns","status":"publish","type":"page","link":"https:\/\/yzas.lt\/?page_id=2656","title":{"rendered":"TAISYKL\u0116S IR SALYGOS"},"content":{"rendered":"\t\t<div data-elementor-type=\"wp-page\" data-elementor-id=\"2656\" class=\"elementor elementor-2656\">\n\t\t\t\t\t\t<section class=\"elementor-section elementor-top-section elementor-element elementor-element-179b800e elementor-section-boxed elementor-section-height-default elementor-section-height-default\" data-id=\"179b800e\" data-element_type=\"section\">\n\t\t\t\t\t\t<div class=\"elementor-container elementor-column-gap-default\">\n\t\t\t\t\t<div class=\"elementor-column elementor-col-100 elementor-top-column elementor-element elementor-element-6826ac54\" data-id=\"6826ac54\" data-element_type=\"column\">\n\t\t\t<div class=\"elementor-widget-wrap elementor-element-populated\">\n\t\t\t\t\t\t<div class=\"elementor-element elementor-element-29269972 elementor-widget elementor-widget-text-editor\" data-id=\"29269972\" data-element_type=\"widget\" data-widget_type=\"text-editor.default\">\n\t\t\t\t<div class=\"elementor-widget-container\">\n\t\t\t\t\t\t\t\t\t1. Bendrosios nuostatos:\n1.1 \u0160ios preki\u0173 ir paslaug\u0173 pirkimo \u2013 pardavimo taisykl\u0117s (toliau \u201eTaisykl\u0117s\u201c, patvirtinus pirk\u0117jui, \u012fgyja teisinio dokumento status\u0105, kuris nustato preki\u0173 ar paslaug\u0173 pirk\u0117jo ir preki\u0173 ar paslaug\u0173 teik\u0117jo (internetin\u0117s parduotuv\u0117s www.yzas.lt) teises ir pareigas, preki\u0173 \u012fsigijimo ir atiskaitymo u\u017e jas s\u0105lygas, preki\u0173 pristatymo ir gr\u0105\u017einimo tvark\u0105.\n1.2 Pardav\u0117jas pasilieka teis\u0119 bet kuriuo metu pakeisti, taisyti ar papildyti Taisykles, atsi\u017evelgdamas \u012f teis\u0117s akt\u0173 nustatytus reikalavimus. Apie bet kokius pakeitimus, taisymus ar papildymus prane\u0161damas visiems jau registruotiems Pirk\u0117jams.\n2. Pirkimo \u2013 pardavimo sutarties sudarymo momentas:\n2.1. Sutartis tarp Pirk\u0117jo ir Pardav\u0117jo laikoma sudaryta nuo to momento, kai Pirk\u0117jas, i\u0161sirink\u0119s prekes jas apmoka pasirinktu b\u016bdu.\n3. Pirk\u0117jo teis\u0117s ir \u012fsipareigojimai:\n3.1. Pirk\u0117jas turi teis\u0119 pirkti prekes elektronin\u0117je parduotuv\u0117je, taip pat sutinka su \u0161iomis pirkimo \u2013 pardavimo taisykl\u0117mis ir \u012fsipareigoja j\u0173 laikytis.\n3.2. Pirk\u0117jas turi teis\u0119 atsisakyti \u012fsigyt\u0173 preki\u0173 \u2013 gr\u0105\u017einti jas ( \u017er. Puslap\u012f \u201epreki\u0173 keitimas\u201c)\n3.3. Jei Pirk\u0117jas preki\u0173 pristatymo metu be svarbi\u0173 prie\u017eas\u010di\u0173 atsisako priimti prekes, Jis privalo padengti preki\u0173 pristatymo i\u0161laidas.\n4. Preki\u0173 gr\u0105\u017einimas:\n4.1. \u012esigyt\u0173 daikt\u0173 gr\u0105\u017einimas galimas vadovaujantis 2012 m. kovo 15 d. Lietuvos Respublikos \u016akio ministro \u012fsakymu Nr. 4-243 \u201cD\u0117l Lietuvos Respublikos \u016akio ministro \u012fsakymo 2001 m. bir\u017eelio 29 d. \u012fsakymo Nr. 217 \u201eD\u0117l daikt\u0173 gr\u0105\u017einimo ir keitimo taisykli\u0173 patvirtinimo\u201d pakeitimo\u201c.\nGr\u0105\u017einant prekes, b\u016btina laikytis \u0161i\u0173 s\u0105lyg\u0173:\u2028\u2022 Gr\u0105\u017einama prek\u0117 turi b\u016bti originalioje tvarkingoje pakuot\u0117je;\u2028\u2022 Gr\u0105\u017einama prek\u0117 privalo b\u016bti pilnai sukomplektuota;\u2028\u2022 Gr\u0105\u017einama prek\u0117 turi b\u016bti Pirk\u0117jo nesugadinta ir b\u016bti nepraradusi prekin\u0117s i\u0161vaizdos (\u0161is punktas netaikomas tuo atveju, kai gr\u0105\u017einama nekokybi\u0161ka prek\u0117);\u2028\u2022 Gr\u0105\u017einant prek\u0119 b\u016btina pateikti jos \u012fsigijimo dokument\u0105, garantin\u012f talon\u0105 (jei jis buvo i\u0161duotas).\u2028Nesilaikant i\u0161vardint\u0173 s\u0105lyg\u0173 mes pasiliekame teis\u0119 daikto gr\u0105\u017einimui nepriimti. Jei prek\u0117 yra gr\u0105\u017einama ne d\u0117l prek\u0117s kokyb\u0117s, prek\u0119 Pirk\u0117jas privalo gr\u0105\u017einti savo i\u0161laidomis.\n4.2. Jeigu Pirk\u0117jui nepatinka nusipirktos prek\u0117s forma, dydis, spalva, modelis ar kompleksi\u0161kumas, prek\u0119 galima gr\u0105\u017einti per 14 dien\u0173 nuo prek\u0117s gavimo dienos. Jeigu Pardav\u0117jas neturi pakeitimui tinkamos prek\u0117s, Pirk\u0117jas turi teis\u0119 atgauti sumok\u0117tus pinigus. Pakeistos prek\u0117s pristatymo terminas skai\u010diuojamas i\u0161 naujo.\n4.3. Pardav\u0117jas gr\u0105\u017eina pinigus pirk\u0117jui \u012f jo s\u0105skait\u0105, atskai\u010dius transportavimo mokes\u010dius.\n5. Pardav\u0117jo teis\u0117s ir \u012fsipareigojimai:\n5.1. Pirk\u0117jui s\u0105moningai ar nes\u0105moningai kenkiant ar m\u0117ginant pakenkti elektronin\u0117s parduotuv\u0117s darbui ir\/arba pa\u017eeid\u017eiant savo \u012fsipareigojimus, Pardav\u0117jas turi teis\u0119 nedelsiant ir be persp\u0117jimo apriboti, ar sustabdyti Pirk\u0117jo galimyb\u0119 naudotis elektronine parduotuve, i\u0161skirtiniais atvejais panaikinti Pirk\u0117jo registracij\u0105.\n5.2. Esant nuo Pardav\u0117jo nepriklausomoms aplinkyb\u0117ms ir kitoms svarbioms aplinkyb\u0117ms, Pardav\u0117jas gali laikinai arba i\u0161 viso nutraukti internetin\u0117s prekybos parduotuv\u0117s veikl\u0105, apie tai i\u0161 anksto neprane\u0161\u0119s Pirk\u0117jui.\n5.3. Pardav\u0117jas \u012fsipareigoja sudaryti visas s\u0105lygas Pirk\u0117jui tinkamai naudotis elektronin\u0117s parduotuv\u0117s teikiamomis paslaugomis.\n5.4. Pardav\u0117jas \u012fsipareigoja pristatyti Pirk\u0117jo u\u017esakytas prekes jo nurodytu adresu \u0161iose taisykl\u0117se nurodytomis s\u0105lygomis.\n5.5. Pardav\u0117jas, d\u0117l svarbi\u0173 aplinkybi\u0173 negal\u0117damas pristatyti Pirk\u0117jui u\u017esakytos prek\u0117s, \u012fsipareigoja pasi\u016blyti analogi\u0161k\u0105 ar kiek \u012fmanoma savo savyb\u0117mis pana\u0161esn\u0119 prek\u0119. Pirk\u0117jui atsisakius priimti analogi\u0161k\u0105 ar savo savyb\u0117mis pana\u0161iausi\u0105 prek\u0119, Pardav\u0117jas \u012fsipareigoja gr\u0105\u017einti Pirk\u0117jui sumok\u0117tus pinigus per 10 darbo dienas, jeigu buvo atliktas i\u0161ankstinis apmok\u0117jimas.\n6. Preki\u0173 kainos, apmok\u0117jimo tvarka ir terminai\n6.1. Preki\u0173 kainos suformuotame u\u017esakyme nurodomos pasirinkta valiuta.\n6.2. Pirk\u0117jas atsiskaito u\u017e prekes vienu i\u0161 \u0161i\u0173 b\u016bd\u0173:\n6.2.1. Paysera.lt pagalba, mok\u0117jimas u\u017eskaitomas ir laikomas tinkamai \u012fvykdytas pinigams patekus \u012f \u201epaysera.lt\u201c atsiskaitom\u0105j\u0105 s\u0105skait\u0105.\n6.2.2. Tiesioginiu pavedimu \u012f banko s\u0105skait\u0105, kuri nurodyta pagrindiniame svetain\u0117s puslapyje apatin\u0117je para\u0161t\u0117je. Mok\u0117jimas u\u017eskaitomas ir laikomas \u012fvykdytas pinigams patekus \u012f tiesiogini\u0173 pavedim\u0173 atsiskaitom\u0105j\u0105 saskait\u0105.\n7. Preki\u0173 pristatymas:\n7.1. Pirk\u0117jas, u\u017esakydamas prekes, \u012fsipareigoja nurodyti preki\u0173 pristatymo adres\u0105.\n7.2. Pirk\u0117jas \u012fsipareigoja sumok\u0117ti preki\u0173 pristatymo mokest\u012f.\n7.3. Pardav\u0117jas \u012fsipareigoja Pirk\u0117jui Prek\u0119 pristatyti ne v\u0117liau kaip per 14 darbo dien\u0173 nuo preki\u0173 apmok\u0117jimo gavimo dienos.\n7.4. Pardav\u0117jas \u012fsipareigoja pristatyti prekes Pirk\u0117jui laikydamasis preki\u0173 apra\u0161ymuose nurodyt\u0173 termin\u0173. Kartu Pirk\u0117jas sutinka, jog i\u0161imtinais atvejais preki\u0173 pristatymas gali v\u0117luoti d\u0117l nenumatyt\u0173, nuo Pardav\u0117jo nepriklausan\u010di\u0173 aplinkybi\u0173.\n7.5. Visais atvejais Pardav\u0117jas atleid\u017eiamas nuo atsakomyb\u0117s u\u017e preki\u0173 pristatymo termin\u0173 pa\u017eeidim\u0105, jeigu prek\u0117s Pirk\u0117jui n\u0117ra pristatomos arba pristatomos ne laiku d\u0117l Pirk\u0117jo kalt\u0117s arba d\u0117l nuo Pirk\u0117jo priklausan\u010di\u0173 aplinkybi\u0173.\n8. Pirk\u0117jo duomen\u0173 saugumas:\n8.1. www.yzas.lt garantuoja, kad:\n* elektronin\u0117je parduotuv\u0117je Pirk\u0117jo pateikt\u0173 asmenini\u0173 duomen\u0173 (vardas, pavard\u0117, adresas, telefono numeris, elektroninio pa\u0161to adresas ir kt.) saugum\u0105;\n* \u2022 asmenin\u0117 informacija bus panaudota tik preki\u0173 pirkimo-pardavimo sandoriui atlikti;\n* \u2022 asmenin\u0117 informacija nebus perduota tretiesiems asmenims be J\u016bs\u0173 sutikimo, i\u0161skyrus tam tikrais atvejais, \u012fstatymo numatyta tvarka;\n9. Atsakomyb\u0117\n9.1. Pirk\u0117jas yra visi\u0161kai atsakingas u\u017e registracijos formoje pateikt\u0173 duomen\u0173 teisingum\u0105. Jei Pirk\u0117jas registracijos formoje pateikia netikslius duomenis, Pardav\u0117jas neatsako u\u017e d\u0117l to atsiradusius padarinius.\n9.2. Pirk\u0117jas atsako u\u017e savo prisijungimo duomen\u0173 saugum\u0105 ir perdavimo tretiesiems asmenims atveju po to sekantys tre\u010di\u016bj\u0173 \u0161ali\u0173 veiksmai elektronin\u0117je parduotuv\u0117je, pasinaudojant perdutais duoeminimis, tampa Pirk\u0117jo atsakomybe.\n9.3. Pirk\u0117jas atsako u\u017e savo veiksmus, atliktus naudojantis elektronine parduotuve.\n9.4. Jei Pardav\u0117jo elektronin\u0117je parduotuv\u0117je yra nuorodos \u012f kit\u0173 \u012fmoni\u0173, \u012fstaig\u0173, organizacij\u0173 ar asmen\u0173 tinklapius, Pardav\u0117jas n\u0117ra atsakingas u\u017e ten esan\u010di\u0105 informacij\u0105 ar vykdom\u0105 veikl\u0105, t\u0173 tinklapi\u0173 nepri\u017ei\u016bri, nekontroliuoja ir toms \u012fmon\u0117ms bei asmenims neatstovauja. Atsiradus \u017ealai, kaltoji \u0161alis atlygina kitai \u0161aliai tiesioginius nuostolius.\n10. Baigiamosios nuostatos:\n10.1. Pardav\u0117jas pasilieka teis\u0119 bet kuriuo metu pakeisti arba papildyti \u0161ias Taisykles.\n10.2 Visi kil\u0119 nesutarimai sprend\u017eiami deryb\u0173 keliu. Nepavykus pasiekti abipusio susitarimo probleminiai klausimai sprend\u017eiami LR \u012fstatym\u0173 nustatyta tvarka.\t\t\t\t\t\t\t\t<\/div>\n\t\t\t\t<\/div>\n\t\t\t\t\t<\/div>\n\t\t<\/div>\n\t\t\t\t\t<\/div>\n\t\t<\/section>\n\t\t\t\t<\/div>\n\t\t","protected":false},"excerpt":{"rendered":"<p>1. Bendrosios nuostatos: 1.1 \u0160ios preki\u0173 ir paslaug\u0173 pirkimo \u2013 pardavimo taisykl\u0117s (toliau \u201eTaisykl\u0117s\u201c, patvirtinus pirk\u0117jui, \u012fgyja teisinio dokumento status\u0105, kuris nustato preki\u0173 ar paslaug\u0173 pirk\u0117jo ir preki\u0173 ar paslaug\u0173 teik\u0117jo (internetin\u0117s parduotuv\u0117s www.yzas.lt) teises ir pareigas, preki\u0173 \u012fsigijimo ir atiskaitymo u\u017e jas s\u0105lygas, preki\u0173 pristatymo ir gr\u0105\u017einimo tvark\u0105. 1.2 Pardav\u0117jas pasilieka teis\u0119 bet kuriuo &hellip;<\/p>\n<p class=\"read-more\"> <a class=\"\" href=\"https:\/\/yzas.lt\/?page_id=2656\"> <span class=\"screen-reader-text\">TAISYKL\u0116S IR SALYGOS<\/span> Skaityti daugiau &raquo;<\/a><\/p>\n","protected":false},"author":1,"featured_media":0,"parent":0,"menu_order":0,"comment_status":"closed","ping_status":"closed","template":"","meta":{"site-sidebar-layout":"default","site-content-layout":"default","ast-main-header-display":"","ast-hfb-above-header-display":"","ast-hfb-below-header-display":"","ast-hfb-mobile-header-display":"","site-post-title":"","ast-breadcrumbs-content":"","ast-featured-img":"","footer-sml-layout":"","theme-transparent-header-meta":"","adv-header-id-meta":"","stick-header-meta":"","header-above-stick-meta":"","header-main-stick-meta":"","header-below-stick-meta":"","footnotes":""},"class_list":["post-2656","page","type-page","status-publish","hentry"],"_links":{"self":[{"href":"https:\/\/yzas.lt\/index.php?rest_route=\/wp\/v2\/pages\/2656"}],"collection":[{"href":"https:\/\/yzas.lt\/index.php?rest_route=\/wp\/v2\/pages"}],"about":[{"href":"https:\/\/yzas.lt\/index.php?rest_route=\/wp\/v2\/types\/page"}],"author":[{"embeddable":true,"href":"https:\/\/yzas.lt\/index.php?rest_route=\/wp\/v2\/users\/1"}],"replies":[{"embeddable":true,"href":"https:\/\/yzas.lt\/index.php?rest_route=%2Fwp%2Fv2%2Fcomments&post=2656"}],"version-history":[{"count":8,"href":"https:\/\/yzas.lt\/index.php?rest_route=\/wp\/v2\/pages\/2656\/revisions"}],"predecessor-version":[{"id":2993,"href":"https:\/\/yzas.lt\/index.php?rest_route=\/wp\/v2\/pages\/2656\/revisions\/2993"}],"wp:attachment":[{"href":"https:\/\/yzas.lt\/index.php?rest_route=%2Fwp%2Fv2%2Fmedia&parent=2656"}],"curies":[{"name":"wp","href":"https:\/\/api.w.org\/{rel}","templated":true}]}}